2, 7, 17
Let j be -99 + 2*(1 + -3). Let c = 194 + j. List the prime factors of c.
7, 13
Suppose -n + 5*p + 40 = 0, 2*n - 56 = -0*n + 2*p. Suppose 2*a + 3*a - n = 0. Suppose 0 = 3*z - 6*z + a*i + 62, 5*z + 3*i = 58. What are the prime factors of z?
2, 7
Let b(h) = 4*h**3 + 3*h - 2. Let v be b(1). Suppose -54 + 534 = v*q. What are the prime factors of q?
2, 3
Let r(l) = -3*l - 28. Let q be r(-9). List the prime factors of 1 + q + (-4 - -74).
2, 5, 7
Let k(m) = -m**2 + 4*m + 7. Let f be k(5). Suppose 3*y - 334 = -4*d, 6*y + 4*d - 448 = f*y. List the prime factors of y.
2, 3, 19
Suppose -170*i + 193*i - 6785 = 0. List the prime factors of i.
5, 59
Let c = -19 - -78. Suppose 0 = -5*z - 5*o + 345, 2*z - 5*o - 44 = c. What are the prime factors of z?
2
Let f = -1 - -4. Suppose f*h + 32 = -76. Let m = -2 - h. What are the prime factors of m?
2, 17
Let d(s) = s**3 - 5*s**2 + 26*s - 85. List the prime factors of d(15).
5, 7, 73
Let d = -21 + 42. Let t = -8 + d. What are the prime factors of t?
13
Let b(p) = 10*p**2 - 2*p - 3. Let m(t) = t**3 + 2*t**2 - 3*t - 2. Let w be m(-3). What are the prime factors of b(w)?
41
Let g(x) = x**2 + 10*x + 21. Let z be g(-13). Let l = 0 + 0. Suppose -z = -l*a - 5*a. List the prime factors of a.
2, 3
Let g(z) be the second derivative of z**4/12 - z**3/6 - 3*z**2/2 + 2*z. Let c be 17/(-5) + (-4)/(-10). What are the prime factors of g(c)?
3
Let m(b) be the first derivative of -b**3/3 + b**2/2 + b - 5. Let t(v) = -6*v**2 - 6*v - 4. Let s(r) = -5*m(r) - t(r). List the prime factors of s(-2).
41
Suppose -5*p - 5 = 4*d, 28 = -0*p + p - 5*d. Suppose 15 = 3*k, -p*k = 2*h - k - 92. List the prime factors of h.
41
Let y = 5 + -15. Let h be 74/(-10) - y/25. Let c(p) = -p**2 - 6*p + 10. List the prime factors of c(h).
3
Let q(f) = -6*f**2 + 3*f + 3. Let u be q(-5). Let o be u/(-7)*7/1. What are the prime factors of (-2)/5 - o/(-5)?
2
Let j(p) = -p**3 - p**2 - 3*p - 7. Let o be j(-3). Suppose o*f = 3*f + 3723. What are the prime factors of f?
3, 73
Let l(p) = -37*p**3 - p**2 - 3*p - 6. What are the prime factors of l(-4)?
2, 3, 131
Let b(n) be the second derivative of -n**5/40 - n**4/2 + n**3/6 - 3*n. Let t(o) be the second derivative of b(o). List the prime factors of t(-9).
3, 5
Let a(k) = 10*k - k**2 + 6*k - 4*k - 7. List the prime factors of a(8).
5
Let y = 1980 - 995. What are the prime factors of y?
5, 197
Let o = -32 + 36. Suppose -4*c - 2*p = -80, -1 = o*p + 7. What are the prime factors of c?
3, 7
Suppose -16226 = 7*m - 26*m. List the prime factors of m.
2, 7, 61
Suppose 0 = -r + 4*q - 2*q + 136, q + 263 = 2*r. Let j = r - 23. List the prime factors of j.
107
Suppose 0 = 14*g - 2957 - 6885. What are the prime factors of g?
19, 37
Suppose 0*a + 11 = 4*t + 3*a, 3*t - 3*a - 3 = 0. List the prime factors of 267/t - 6/(-4).
3, 5
Let h(w) = w**3 - 5*w**2 - w + 7. Let s be h(5). Suppose 2283 = 5*x + 2*m, 0 = -2*x - s*x + m + 1816. List the prime factors of ((-3)/5)/((-7)/x).
3, 13
Suppose -7 = -7*m + 14. Suppose 4*s - 2*s = m*q - 6, 0 = -4*s + 12. What are the prime factors of q?
2
Let t(h) = -13*h**3 + 23*h**2 + 42*h - 16. What are the prime factors of t(-7)?
2, 1319
Let x(u) = -u**3 - 12*u**2 - 4*u - 13. Let j be x(-11). List the prime factors of j/(-8)*16/3.
2, 3, 5
Let g(u) = 3*u - 4. Let l be g(6). Let n = l - 2. Suppose z - n = 11. What are the prime factors of z?
23
Suppose 0 = -y + 14 - 0. Suppose 698 - y = 9*j. List the prime factors of j.
2, 19
Let t(o) be the third derivative of o**4/24 - 7*o**3/6 - 11*o**2. What are the prime factors of t(11)?
2
Let y = 15 + -12. Suppose y*c - 14 = 31. List the prime factors of c/(-2)*154/(-33).
5, 7
Suppose 0 = 5*g + 3*w + 107, 2*g - w = -29 - 5. Let x = 109 - g. List the prime factors of x.
2
Let w(m) = 16*m**2 + 26*m - 25. What are the prime factors of w(-9)?
17, 61
Suppose -12*d = -10*d - 8. List the prime factors of (-4530)/(-70) + d/14.
5, 13
Let l = 62 + -51. Suppose -16*h = -l*h - 440. What are the prime factors of h?
2, 11
Suppose 4*b = 6*b. Suppose b = 19*f - 11*f - 456. List the prime factors of f.
3, 19
Let n(g) = g**3 - 4*g**2 - 5*g + 3. Let j(b) = b**2 - 4*b. Let y be j(5). Let q be n(y). Suppose -5*u + 54 = -q*u. What are the prime factors of u?
3
Suppose -494 = -10*i + 1026. List the prime factors of i.
2, 19
Let g = 8 + -5. Suppose w - 3*w + r + 13 = 0, w - g*r + 6 = 0. Let t(i) = i**2 - 7*i - 13. What are the prime factors of t(w)?
5
List the prime factors of 5672*((-18)/4)/(-9).
2, 709
Suppose -l - 4*l + 20 = 0. What are the prime factors of 1 - (-39)/3 - l?
2, 5
Let t(s) = -42*s + 41*s + 5 + 3. List the prime factors of t(-9).
17
Let h be (-4)/(-16)*2*0. Suppose h = 2*z - 4*g + 150, -5*z - 5*g + 76 - 481 = 0. Let j = -30 - z. What are the prime factors of j?
7
Suppose 4*y = 5*b - 10, -4*b + y = 2*y - 29. Suppose -192 = -10*l + b*l. What are the prime factors of l?
2, 3
Let v(y) = -y**2 + 10*y - 15. Let a be v(10). Let o = -21 - a. Let u = o - -10. What are the prime factors of u?
2
Let n(y) = -y**2 - 11*y + 3. Let a = -8 + -4. Let m be n(a). List the prime factors of 6/((-2)/m*1).
3
Let g = -30 + 33. Suppose -g*h = -476 - 145. What are the prime factors of h?
3, 23
Suppose -2680 = -1617*n + 1615*n. List the prime factors of n.
2, 5, 67
What are the prime factors of (8 + -5 - -95) + 7?
3, 5, 7
Suppose 1754 = 2*w + 2*i, 3*i + 245 = -w + 1112. List the prime factors of w.
2, 3, 7
Let o = -1283 - -2338. What are the prime factors of o?
5, 211
What are the prime factors of 260*((-110)/(-8))/5?
5, 11, 13
Suppose 4*i + 21 + 2 = 3*p, 0 = -3*p + 3*i + 18. Let w be (-1 - 0) + (2 - p). What are the prime factors of w - -27 - (5 - 3)?
5
Let z(u) = 440*u - 29. What are the prime factors of z(3)?
1291
Suppose -u + 4*u - i = 16, -5*u = 5*i - 40. Suppose 0 = h - u*h + 1305. What are the prime factors of (h/(-18))/(2/(-4))?
29
Let o(r) = 1403*r + 307. List the prime factors of o(2).
11, 283
Suppose p - 176 = -3326. Let q be (-4)/(-6)*p/(-28). Suppose 39 = 6*i - q. List the prime factors of i.
19
Let i(a) = 2*a**2 - 16*a - 11. Let k(f) = -f + 9. Let r be k(-6). List the prime factors of i(r).
199
What are the prime factors of (6376/28)/(3/21)?
2, 797
Suppose -12*c - 1400 = -14792. What are the prime factors of c?
2, 3, 31
Suppose -3*h - 15 = -j, -3*j = 3*h + j. What are the prime factors of h/3*((-658)/4 - -1)?
2, 109
Let y(i) be the first derivative of i**4/4 - 10*i**3/3 + 9*i**2/2 - 8*i - 3. Let t be y(9). List the prime factors of t/(-6)*(4 + -1).
2
Suppose -3*n - 2*w + 304 = 0, 3*w - 303 = -0*n - 3*n. What are the prime factors of n?
2, 3, 17
Suppose -4*y = 12 + 8. Let d = 1 - y. Let b(a) = -a**2 + 4*a + 14. List the prime factors of b(d).
2
Let d(k) = 501*k**3 + k + 1. List the prime factors of d(1).
503
List the prime factors of 3247 - ((-14)/84)/(1/(-42)).
2, 3, 5
Let d = -10 + 11. Let u be 0 + (-2 - -4)/d. Suppose 0 = b - 5*b - k + 95, -4*b - u*k = -94. List the prime factors of b.
2, 3
Suppose -7358 = 54*x - 64490. What are the prime factors of x?
2, 23
Suppose -9 = l - 21. List the prime factors of l.
2, 3
Let q(d) = -64*d - 781. What are the prime factors of q(-56)?
2803
Let c(p) = -624*p**3 + 4*p**2 - 4*p - 2. List the prime factors of c(-1).
2, 3, 5, 7
Let u = -394 - -686. Suppose -k = 4*g - u, 187 = k + g - 105. What are the prime factors of k?
2, 73
Suppose 436 = 13*i - 2151. What are the prime factors of i?
199
Let n(l) = -3*l**3 + l**2 + 25. List the prime factors of n(-6).
709
List the prime factors of ((-7)/(-21) - -1)*312.
2, 13
Let v(o) = -22*o. Let z = -31 - -21. Let p be v(z). Suppose -p = -5*d + d. List the prime factors of d.
5, 11
Let n be 11/((-33)/(-18)) + -1. Suppose -4*c = -3*v - 14, -5*v + 20 = 3*c - n. Suppose v*f - 32 = 5*a, -5*f + 19 + 7 = a. What are the prime factors of f?
2, 3
Let l = -503 + 4828. List the prime factors of l.
5, 173
Let o(t) = 2*t**2 - 6*t + 8. Suppose -5*y = -5*b + 15, 1 - 7 = -b + 4*y. Suppose f + 4*p + 4 = -0*p, b*f - 6 = -p. What are the prime factors of o(f)?
2
Let a = 18 + -16. Suppose p = 3*i + 48, p + i - 66 = -a*i. List the prime factors of p.
3, 19
Let q(n) = -33*n + 16. Let t(i) = -4*i + 2. Let l(u) = -6*q(u) + 51*t(u). What are the prime factors of l(-7)?
2, 3
Let y(o) = o**3 - o**2 - 2*o + 76. Let a be y(0). What 